9. Calculate the highest common divisor of j and 36.
4
Let s be (-55 + 1)*(-8)/(-12). Let n be (6/4)/(-1 - 37/s). Calculate the greatest common divisor of n and 27.
27
Suppose h + 7 - 3 = 0. Let f = 14 + h. Calculate the greatest common divisor of 15 and f.
5
Let w be 3 + 3 + -1 + -2. Suppose l - 2*b - 7 = -5*b, 2*l = w*b + 32. Let o = 44 + 8. What is the greatest common factor of l and o?
13
Let o(i) = 16*i + 37. Let k be o(8). Calculate the highest common factor of 66 and k.
33
Let p(m) = m - 5. Let q be p(9). Suppose -2*h - 2*b = -0*h - 4, 5*h - q*b - 28 = 0. Let w be -2*h/(-4) - -17. What is the greatest common divisor of w and 57?
19
Suppose 3*h = 3*t - 516, 4*t - 321 = 6*h + 359. What is the greatest common divisor of 1320 and t?
88
Let a(o) = o**2 - 23*o + 80. Let m be a(21). Calculate the highest common factor of m and 950.
38
Let t be 18/(-99) + 106/(-22). Let l(x) = 4*x - 3*x**2 + 7*x - 2*x - 2*x - x**3 + 4. Let g be l(t). Calculate the greatest common factor of 152 and g.
19
Let c(u) = -13*u - 1. Let w be c(-1). Suppose f - 4*f + w = 0. Suppose f*k - 1 = 95. What is the highest common divisor of 16 and k?
8
Suppose 2*n = -4*x + 496, 964 = -4*n + 8*n + x. What is the highest common divisor of 45 and n?
15
Let r(p) be the second derivative of -p**5/10 + 19*p**4/12 + 7*p**3/3 + 2*p**2 - 2*p. Let k be r(10). Calculate the highest common factor of 88 and k.
44
Let a = 8 + 1. Suppose 3*z + 5*x = -4, -3 = -4*z - 2*x + 1. Suppose z*n + 2*r - 57 = -r, -4*r + 88 = 3*n. What is the highest common factor of n and a?
9
Let z be 4 + (1 + -10)/(36/(-24)). Let h be (-1410)/(-35) - (-2)/(-7). Calculate the greatest common factor of h and z.
10
Suppose h + 4*u = 69, -u = 5*h + 2*u - 413. Let o be (5 + 0 - 0) + h. Let r be 6/(11/5 - 2). What is the highest common divisor of o and r?
30
Let b = -390 - -646. Calculate the highest common factor of b and 16.
16
Let r(h) = -81*h**3 + 2*h**2 + 8*h + 10. Let s be r(-2). Calculate the greatest common divisor of 520 and s.
130
Let k(r) = r**3 + r**2 - 4*r + 3. Let d be k(2). Let z = d + -5. Suppose -4 - 18 = -z*h. What is the highest common divisor of 11 and h?
11
Let f(b) = -b**3 + 4*b**2 - 11*b + 47. Let d be f(4). What is the greatest common divisor of 339 and d?
3
Let t(z) be the third derivative of -z**6/120 + 7*z**5/30 + 25*z**3/6 + 11*z**2. Let p be t(14). What is the highest common divisor of 25 and p?
25
Suppose 2*j - 6 - 4 = 0. Let v = -3 + j. Suppose v*u - 1 - 1 = 0. Calculate the highest common factor of 1 and u.
1
Let f = 2345 + -2235. Suppose 80 = 5*p - 8*a + 3*a, 3*p = 5*a + 42. Suppose -5*u + 69 = p. Calculate the greatest common factor of u and f.
10
Let g = -162 - -256. Let b = -22 + g. What is the greatest common divisor of b and 8?
8
Let x be ((-4)/(-6))/(4/72). Suppose 9 - 8 = v + 2*b, -4*v - 14 = 2*b. Let w = v + x. What is the greatest common factor of w and 49?
7
Suppose 3*m - 3*c = 189, 0*c = 4*m + 5*c - 279. Let a be 328/(-12)*21/14. Let b = m + a. Calculate the highest common factor of b and 5.
5
Let m be 54 - 16/24*-3. What is the greatest common divisor of 16 and m?
8
Let g be (-27)/6*4/(-9). Suppose 4*i - 12 = 2*y, -g*i = -0*i - 3*y - 6. Let j be 15/5 + 1 + -1. What is the greatest common factor of i and j?
3
Suppose -4*l + 1198 = 3*h, 2*l + 4*h - 610 = 8*h. What is the greatest common divisor of 21 and l?
7
Suppose -234 = -19*t + 621. Calculate the greatest common divisor of t and 45.
45
Let p be (18/(-8))/(6/16). Let k = p + 15. What is the greatest common factor of 72 and k?
9
Let k be (45 - 0)*(9 - 23/3). Calculate the greatest common divisor of 150 and k.
30
Suppose 0 = 13*p - 8*p. Suppose 8*u - 7*u - 9 = p. What is the highest common factor of u and 3?
3
Suppose -3*k + 2*f = -5*k + 26, 2*f = k + 2. Calculate the highest common factor of 6 and k.
2
Let s(o) = -o**3 + 6*o**2 + 9*o - 9. Let u be s(7). Let k(f) = f + 8. Let t be k(-6). What is the greatest common factor of t and u?
1
Let t = -1097 - -1782. Calculate the highest common divisor of t and 5.
5
Let m(j) = 9*j - 102. Let g be m(14). Calculate the highest common divisor of 156 and g.
12
Let g = -573 + 579. What is the greatest common divisor of g and 9?
3
Let a = 62 - 55. Suppose a*s - 88 + 11 = 0. What is the highest common factor of s and 99?
11
Let y = 5720 - 5716. Let v = 20 - 13. Let q(s) = -s**3 + 8*s**2 - 7*s + 10. Let d be q(v). Calculate the highest common factor of d and y.
2
Let h(d) = 79*d**3 - d. Let p be h(1). Calculate the greatest common factor of p and 12.
6
Let p be (7 - 1)/((-16)/(-24)). Let u(y) = y**2 - 3*y - 11. Let k be u(p). Let o = -8 + k. What is the greatest common factor of o and 5?
5
Let t be (3/3 - -2) + 7 + -44. Let p = 45 + t. What is the greatest common factor of p and 11?
11
Suppose 0 = 2*r - 2*l - 10, 0 = r - l - 2*l + 5. Let o be r/25 + (-23)/(-5). Suppose o*y - 28 = 4*y. Calculate the highest common factor of 70 and y.
14
Suppose 3 = g, -2*r + 409 = -3*g + 94. Calculate the greatest common factor of r and 12.
6
Let s(u) = -13*u**3 + u. Let d be s(-1). What is the greatest common factor of 90 and d?
6
Suppose -r + 2*l + 28 = 0, 2*r + 5*l + 88 = 5*r. Calculate the greatest common factor of 117 and r.
9
Let x(v) = v**2 + 1. Let c be x(-2). Suppose 3*r - 170 = -2*r. Suppose 0 = -z + f + 18, -2*z + r = -5*f + 4. What is the greatest common factor of c and z?
5
Suppose t - 3*o - 72 = 0, 3*t - 2*o = 101 + 115. Suppose -6*g = -0*g - t. Calculate the highest common factor of 54 and g.
6
Let g = -5 - -8. Let t = 36 + -36. Suppose -g*v + 126 = -t*v. What is the highest common divisor of v and 14?
14
Let w(m) = -m**3 - 11*m**2 - m + 2. Let s be 6/9 - 35/3. Let a be w(s). Let k = -51 - -64. Calculate the highest common factor of k and a.
13
Suppose 2*w - 2170 = -5*w. Calculate the highest common factor of 70 and w.
10
Let u(m) = -10*m + 2. Let h = 21 + -24. Let t be u(h). Calculate the greatest common factor of 16 and t.
16
Suppose 52*z = 60*z - 536. Let n = z + -58. Suppose -3*b + 16 = -3*h + 223, 0 = 3*h - b - 213. Calculate the highest common divisor of h and n.
9
Let l = 19 + 8. Let c = 89 + -80. Let g = l + c. Calculate the highest common factor of 4 and g.
4
Suppose 3*c - 177 = 4*w, -4*w - 63 = -2*c + 59. Let n(o) = o**2 - 104*o + 2391. Let f be n(34). Calculate the greatest common divisor of f and c.
11
Suppose -3*f = -3477 + 621. What is the highest common divisor of 56 and f?
56
Let j(p) = 49*p**2 - 18*p + 4. Let f be j(5). Calculate the greatest common divisor of f and 17.
17
Let d = -1260 + 1302. What is the greatest common divisor of 1722 and d?
42
Let m(t) = -t**3 - 16*t**2 - 36*t - 104. Let b be m(-14). Calculate the highest common factor of 24 and b.
8
Suppose 2*k - 36 - 102 = 0. Let f = k + -6. Let t(i) = -2*i - 9. Let d be t(-9). Calculate the highest common divisor of d and f.
9
Let g be (1 - -1) + (-1 - 0). Suppose 0 = 5*a + 3*r - 3, -3*a + 21 = -28*r + 25*r. What is the greatest common divisor of a and g?
1
Suppose 466 = 4*z - 150. What is the greatest common factor of z and 66?
22
Let w(h) = -2*h**3 - 4*h**2 + 15*h + 2. Let a be w(-6). Calculate the highest common factor of a and 8.
8
Let c(o) = 33*o**2 - 7*o - 1. Let m be c(1). What is the greatest common factor of 55 and m?
5
Let u be (-2)/(-6) - 34/(-6). Suppose -2*s = -u, -4*o - 4*s = o - 572. Calculate the greatest common factor of o and 28.
28
Let d be 51 - (-3 - (-2)/2). Suppose -4*y + d = -59. Let j be (-237)/(-7) - (-4)/y. Calculate the highest common divisor of j and 51.
17
Let j(b) = b**2 + 8*b - 8. Let g be j(-11). What is the greatest common factor of g and 75?
25
Suppose 2*w = 43 + 93. Let g be 92 - (-2 + 1)*-1. Let t = g - 74. Calculate the highest common divisor of t and w.
17
Let l be 14/(-21) - (-90)/54. Suppose 2*m - 14 = -4*y, 0 = -6*y + y + 10. Calculate the greatest common factor of m and l.
1
Let h be -1398*176/(-192) - 1/2. What is the highest common factor of h and 21?
21
Let m = -99 - -147. Let s = 607 - 591. Calculate the greatest common factor of s and m.
16
Suppose -2*a + 451 = 375. Calculate the greatest common divisor of 266 and a.
38
Let i = -210 + 228. Calculate the highest common factor of i and 18.
18
Let y be 1749/12*(-15)/(15/(-4)). Calculate the greatest common divisor of y and 212.